ctors of c?
5, 11
Suppose -15 = 3*s - 8*s. Suppose -3*b - 111 = -3*d, 6 = 4*b + 2. Let t = s + d. List the prime factors of t.
41
Let t = -543 - -1610. List the prime factors of t.
11, 97
Suppose 112*k - 119*k + 756 = 0. What are the prime factors of k?
2, 3
Suppose 18*p - 19*p = -3. Suppose p*h + 5 - 498 = s, -3*h + 2*s + 497 = 0. What are the prime factors of h?
163
Suppose -4*c + 130 = c. Suppose -5*d = -0*d + 30. What are the prime factors of (-4)/d*663/c?
17
Let y(w) be the first derivative of w**2 + 15*w - 5. Let n be y(-10). List the prime factors of n*15/(-3) + 3.
2, 7
Let a(p) = -12 + 12 + 64*p**2 - 1. What are the prime factors of a(1)?
3, 7
Let h be 1*732/3*(-2 + 6). Suppose -12*s + h = -8*s. List the prime factors of s.
2, 61
Let q = 2092 - 1279. What are the prime factors of q?
3, 271
Let q = 460 + -259. What are the prime factors of q?
3, 67
Suppose 10*u - 6930 = -5*u. What are the prime factors of u?
2, 3, 7, 11
Suppose 1 + 7 = -2*x - 3*c, 0 = 4*x - 3*c - 20. Let i(a) = -7*a + 6*a + 20*a**2 - 1 + 23*a**2 + 9*a**x. What are the prime factors of i(1)?
2, 5
Let g be (-60)/(-14) + (-16)/56. Suppose -v - 1 = -4*d, g*v = -0*v + 4*d + 8. What are the prime factors of (-5 - -3)/(v/(-33))?
2, 11
Let n(b) = -3*b**2 - 2*b + 1. Let s be n(1). Let z be (s - 12/(-4))*-72. Let o = -44 + z. What are the prime factors of o?
2, 7
Suppose 3042 + 8914 = 14*s. List the prime factors of s.
2, 7, 61
Let o be 39/9 + (-2)/6. Suppose o*d = 2*z + 12, -5 = -5*z + 4*d - 17. Suppose z = k, 4*k + 8 = 2*l + 2*k. List the prime factors of l.
2
Let o = -93 + 235. Let z = -69 + o. Suppose -26 + z = d. What are the prime factors of d?
47
Let x(t) = -3 + 17*t - 16*t + 10. Let m = 13 - 18. What are the prime factors of x(m)?
2
Suppose -2*v + 3008 = 2*v + 2*k, -3*v + 4*k + 2234 = 0. What are the prime factors of v?
2, 3, 5
Let x be 6/1*(-15)/(-9). Suppose -4*y + 6 = -x. Suppose 2*q + y*p = -10, 3*p + 16 = -p. What are the prime factors of q?
3
Let h = -481 - -321. Let s = 0 - h. Suppose -5*z = 5, -5*z + s = 3*t + 2*t. List the prime factors of t.
3, 11
Let n(d) = -11*d. Let w be n(-4). Suppose 0*g = -4*g + w. Let b = 8 + g. What are the prime factors of b?
19
Suppose 0 = 5*j - 2 - 8. Suppose j*v = -v + 21. Suppose -160 - 246 = -v*y. What are the prime factors of y?
2, 29
Suppose -3*y + 4552 = 5*y. List the prime factors of y.
569
What are the prime factors of 12 + -16 + (-2 - -564)?
2, 3, 31
Suppose 8 = -n + 71. Suppose j = -n + 95. What are the prime factors of j?
2
Let b = 27 + 267. What are the prime factors of b?
2, 3, 7
Suppose 18 = 4*l + 2, -3*l = -3*k + 633. Let y = -9 + k. What are the prime factors of y?
2, 103
Suppose -36*u + 34*u + 380 = 0. What are the prime factors of u?
2, 5, 19
Let l(c) = 4*c - 12. Let x(z) = z**2 - 7*z - 2. Let y be x(5). Let b be 18/y*26/(-3). What are the prime factors of l(b)?
2, 5
Let z(c) = c**2 + 15*c + 19. Let f be z(-11). Let n = f - -64. Suppose -5*b - n + 141 = w, 3*b + 2*w = 57. List the prime factors of b.
3, 7
Suppose 7306 = -7*u + 33*u. List the prime factors of u.
281
Let i = -808 + 1444. List the prime factors of i.
2, 3, 53
Suppose -2*b - 5*n + 5 = 0, -4*b + 4*n = -0 + 4. Suppose -33*s + 38*s - 325 = b. List the prime factors of s.
5, 13
Let i = -63 - -1430. What are the prime factors of i?
1367
Let x be 17/(-2)*(-8)/(-4). Let p = 2 - x. What are the prime factors of ((-76)/(-14))/(p/133)?
2, 19
Let k(r) = 29 + 8 + 57*r - 37*r. List the prime factors of k(5).
137
Let y = -1752 + 3788. List the prime factors of y.
2, 509
Suppose -p - 12 = -n + 6*n, -3 = -2*p - n. Suppose -j + 5 = p. Suppose 16 = c + 2*a, -a - 54 = -5*c + j*a. List the prime factors of c.
2, 3
Suppose 0 = -0*k - k - 2*f + 158, -2*f + 2 = 0. Suppose -s - 3*g - k = -3*s, 5*s - 415 = -5*g. What are the prime factors of s?
3
Let d = 79 + 142. List the prime factors of d.
13, 17
Let t be (-644)/(-21) - (-2)/(-3). Suppose -6*r - t = -3*r. What are the prime factors of (54/(-45))/(3/r)?
2
Suppose -3*z = -b + 8, b + z - 2 = -2*z. What are the prime factors of (13/b - 6/10) + 188?
2, 5, 19
Let c(i) = -33*i - 1. Let r(q) = 11*q. Let w(j) = -4*c(j) - 11*r(j). Let a be w(3). Suppose a = 5*m - 53. What are the prime factors of m?
2, 3
Suppose -2*l + 117 = 17. Suppose -a = a + l. Let d = -3 - a. List the prime factors of d.
2, 11
Let x(b) be the second derivative of b**6/72 + b**5/24 + b**4/12 - b**3/3 + 7*b. Let j(q) be the second derivative of x(q). What are the prime factors of j(-3)?
2
Let b(y) = -y + 12. Let s be b(7). Let j = s - 2. List the prime factors of j - ((-7 - 3) + 0).
13
Let c(t) be the second derivative of t**4/4 - 19*t**3/6 + 15*t**2/2 - 6*t. What are the prime factors of c(8)?
5, 11
Let u be -2*((-6)/(-27) - (-14390)/(-36)). Suppose 0 = 6*l - u - 155. List the prime factors of l.
3, 53
Suppose 306 = 4*z - 530. List the prime factors of z.
11, 19
Suppose -3*b = a - 2*b - 1518, -1530 = -a - 5*b. List the prime factors of a.
3, 5, 101
Let p(v) = 4 + 4*v**2 + v**3 + 8*v + 3*v + 10*v**2 - 3. What are the prime factors of p(-13)?
3
Let n = -28 - -10. Let f = -13 - n. Suppose 2*x = 4*k - 50, -3*x + f*x = -2*k + 34. List the prime factors of k.
2, 7
Let o = -930 - -1635. List the prime factors of o.
3, 5, 47
Suppose -h - h - l + 1973 = 0, -h + 2*l + 979 = 0. What are the prime factors of h?
5, 197
Let w(h) be the third derivative of -h**6/60 + h**5/60 - h**3/6 - 11*h**2. Let o be w(2). Let f = o - -22. What are the prime factors of f?
3
Suppose -2*k - 2*k = -576. Suppose 3*y = -y + 3*s + 179, 3*y - k = -s. Suppose 3*w - y - 76 = 0. What are the prime factors of w?
41
Let k = 5 + -3. Let x(m) be the second derivative of m**5/4 - m**4/4 + m**3/3 - m**2/2 - 17*m - 1. What are the prime factors of x(k)?
31
Suppose 1308 = -31*y + 43*y. What are the prime factors of y?
109
Suppose -16 = 2*z - 106. Suppose 2*s = 3*s. Suppose -3*n + 0*n + z = s. What are the prime factors of n?
3, 5
Suppose 21*m + 4*f - 1276 = 17*m, -2*f = 2. What are the prime factors of m?
2, 5
Suppose -2*g + 4*g = -14. Suppose 55 = 5*y + 5*a, 48 = 4*y - 2*a - 14. Let b = y - g. What are the prime factors of b?
3, 7
Let f(l) = -2*l - 2. Let w be f(-5). Suppose 3 - 75 = -6*n. Suppose 5*v - w = n. List the prime factors of v.
2
List the prime factors of (-4)/(-22) - (-13 - 247710/55).
4517
Let u be 116*((-6 - -3) + 4). Suppose u = 4*b - 64. Suppose 5*i + 15 = b. List the prime factors of i.
2, 3
Let d(q) = q**3 + 7*q**2 + 4*q + 8. Let n be d(-7). Let v = 77 - n. List the prime factors of v.
97
Let x(p) = 6*p + 3. Suppose 0*t = t - 8. Let l be x(t). Suppose 5*g = l - 6. List the prime factors of g.
3
Let f(o) = 24*o + 67. What are the prime factors of f(18)?
499
Let l be (-2)/(-3) + 140/42. Let d(p) = p**3 - 4*p**2 + 2*p. Let z be d(l). Let b = 3 + z. List the prime factors of b.
11
Let s(a) = 2*a - 18. Let l be s(0). What are the prime factors of ((90 - 1) + 0)/(19 + l)?
89
Let t(y) = 606*y**2 - 4. What are the prime factors of t(2)?
2, 5, 11
Let v(b) = -105*b - 333. What are the prime factors of v(-11)?
2, 3, 137
Let r(x) = -3*x - 1. Let g = -10 - -8. Let a be r(g). Suppose 0 = -a*v + 62 + 58. List the prime factors of v.
2, 3
Let w be ((-61)/(-2))/(2/4). Suppose l + 84 = -3*x, 4*x - 3*l + 79 + 33 = 0. Let u = x + w. What are the prime factors of u?
3, 11
Let x(z) = -249*z - 64. List the prime factors of x(-6).
2, 5, 11, 13
Let p(g) = -9*g - 14. Let h be p(-2). Suppose -c + 2*c - h = 0, 712 = 4*s + 2*c. List the prime factors of s.
2, 11
Suppose s - 4*o - 97 = 0, 9*s = 11*s + 3*o - 205. What are the prime factors of s?
101
List the prime factors of (2/4)/(7 - 6570/940).
47
Let r = 2339 + -1502. What are the prime factors of r?
3, 31
Let d(u) = 6*u - 4*u - 4*u + 10. List the prime factors of d(-6).
2, 11
Suppose 0 = -2*t - 5*n + 6 - 1, -3*n - 5 = 2*t. Let q = t - -10. Suppose q = -5*r - 34 + 99. List the prime factors of r.
13
What are the prime factors of (-1 - -170) + 3 + -9?
163
Let b(v) = 2*v + 2. Let m be b(0). Let i = -15 - -19. Suppose i = 2*q - m. List the prime factors of q.
3
Let n(z) = z**2 + z + 3. Let q be n(2). Suppose -r - 3 = -q. List the prime factors of (r/(-12))/((-2)/88).
2, 11
Let j be (-1 - 3)*(-12)/16. What are the prime factors of 3*-1 - ((-152 - j) + 4)?
2, 37
Let l b